[INFO] cloning repository https://github.com/callumPearce/solana-escrow-program
[INFO] running `Command { std: "git" "-c" "credential.helper=" "-c" "credential.helper=/workspace/cargo-home/bin/git-credential-null" "clone" "--bare" "https://github.com/callumPearce/solana-escrow-program" "/workspace/cache/git-repos/https%3A%2F%2Fgithub.com%2FcallumPearce%2Fsolana-escrow-program", kill_on_drop: false }`
[INFO] [stderr] Cloning into bare repository '/workspace/cache/git-repos/https%3A%2F%2Fgithub.com%2FcallumPearce%2Fsolana-escrow-program'...
[INFO] running `Command { std: "git" "rev-parse" "HEAD", kill_on_drop: false }`
[INFO] [stdout] c6f1d5508b1034b31a4b6f22ef8e2ff2cf904687
[INFO] checking callumPearce/solana-escrow-program against master#9610dfe5a9a731ced1ea4923ecbd0c57fe367898 for beta-170-4
[INFO] running `Command { std: "git" "clone" "/workspace/cache/git-repos/https%3A%2F%2Fgithub.com%2FcallumPearce%2Fsolana-escrow-program" "/workspace/builds/worker-3-tc1/source", kill_on_drop: false }`
[INFO] [stderr] Cloning into '/workspace/builds/worker-3-tc1/source'...
[INFO] [stderr] done.
[INFO] validating manifest of git repo https://github.com/callumPearce/solana-escrow-program on toolchain 9610dfe5a9a731ced1ea4923ecbd0c57fe367898
[INFO] running `Command { std: CARGO_HOME="/workspace/cargo-home" RUSTUP_HOME="/workspace/rustup-home" "/workspace/cargo-home/bin/cargo" "+9610dfe5a9a731ced1ea4923ecbd0c57fe367898" "metadata" "--manifest-path" "Cargo.toml" "--no-deps", kill_on_drop: false }`
[INFO] started tweaking git repo https://github.com/callumPearce/solana-escrow-program
[INFO] finished tweaking git repo https://github.com/callumPearce/solana-escrow-program
[INFO] tweaked toml for git repo https://github.com/callumPearce/solana-escrow-program written to /workspace/builds/worker-3-tc1/source/Cargo.toml
[INFO] crate git repo https://github.com/callumPearce/solana-escrow-program already has a lockfile, it will not be regenerated
[INFO] running `Command { std: CARGO_HOME="/workspace/cargo-home" RUSTUP_HOME="/workspace/rustup-home" "/workspace/cargo-home/bin/cargo" "+9610dfe5a9a731ced1ea4923ecbd0c57fe367898" "fetch" "--manifest-path" "Cargo.toml", kill_on_drop: false }`
[INFO] [stderr]     Updating crates.io index
[INFO] [stderr]     Blocking waiting for file lock on package cache
[INFO] [stderr]  Downloading crates ...
[INFO] [stderr]   Downloaded solana-net-utils v1.10.21
[INFO] [stderr]   Downloaded solana-program v1.10.21
[INFO] [stderr]   Downloaded solana-banks-interface v1.10.21
[INFO] [stderr]   Downloaded solana-perf v1.10.21
[INFO] [stderr]   Downloaded solana-cli-config v1.10.21
[INFO] [stderr]   Downloaded solana-address-lookup-table-program v1.10.21
[INFO] [stderr]   Downloaded solana-vote-program v1.10.21
[INFO] [stderr]   Downloaded solana-bpf-loader-program v1.10.21
[INFO] [stderr]   Downloaded solana-stake-program v1.10.21
[INFO] [stderr]   Downloaded etcd-client v0.8.2
[INFO] [stderr]   Downloaded reed-solomon-erasure v5.0.3
[INFO] [stderr]   Downloaded min-max-heap v1.3.0
[INFO] [stderr]   Downloaded solana-measure v1.10.21
[INFO] [stderr]   Downloaded solana-logger v1.10.21
[INFO] [stderr]   Downloaded solana-frozen-abi v1.10.21
[INFO] [stderr]   Downloaded solana-sdk-macro v1.10.21
[INFO] [stderr]   Downloaded solana-client v1.10.21
[INFO] [stderr]   Downloaded solana-config-program v1.10.21
[INFO] [stderr]   Downloaded lru v0.7.6
[INFO] [stderr]   Downloaded solana-transaction-status v1.10.21
[INFO] [stderr]   Downloaded solana-faucet v1.10.21
[INFO] [stderr]   Downloaded solana-bloom v1.10.21
[INFO] [stderr]   Downloaded solana-download-utils v1.10.21
[INFO] [stderr]   Downloaded solana-cli-output v1.10.21
[INFO] [stderr]   Downloaded solana-program-test v1.10.21
[INFO] [stderr]   Downloaded solana-banks-client v1.10.21
[INFO] [stderr]   Downloaded solana-merkle-tree v1.10.21
[INFO] [stderr]   Downloaded solana-sys-tuner v1.10.21
[INFO] [stderr]   Downloaded solana-poh v1.10.21
[INFO] [stderr]   Downloaded solana-entry v1.10.21
[INFO] [stderr]   Downloaded solana-rpc v1.10.21
[INFO] [stderr]   Downloaded solana-test-validator v1.10.21
[INFO] [stderr]   Downloaded solana-genesis-utils v1.10.21
[INFO] [stderr]   Downloaded solana-program-runtime v1.10.21
[INFO] [stderr]   Downloaded solana-core v1.10.21
[INFO] [stderr]   Downloaded solana-storage-proto v1.10.21
[INFO] [stderr]   Downloaded solana-storage-bigtable v1.10.21
[INFO] [stderr]   Downloaded solana-metrics v1.10.21
[INFO] [stderr]   Downloaded solana-runtime v1.10.21
[INFO] [stderr]   Downloaded solana-frozen-abi-macro v1.10.21
[INFO] [stderr]   Downloaded solana-geyser-plugin-manager v1.10.21
[INFO] [stderr]   Downloaded solana-banks-server v1.10.21
[INFO] [stderr]   Downloaded solana-ledger v1.10.21
[INFO] [stderr]   Downloaded solana-remote-wallet v1.10.21
[INFO] [stderr]   Downloaded solana-clap-utils v1.10.21
[INFO] [stderr]   Downloaded axum v0.5.7
[INFO] [stderr]   Downloaded solana-account-decoder v1.10.21
[INFO] [stderr]   Downloaded solana-bucket-map v1.10.21
[INFO] [stderr]   Downloaded solana-zk-token-proof-program v1.10.21
[INFO] [stderr]   Downloaded solana-rayon-threadlimit v1.10.21
[INFO] [stderr]   Downloaded solana-streamer v1.10.21
[INFO] [stderr]   Downloaded solana-version v1.10.21
[INFO] [stderr]   Downloaded tikv-jemallocator v0.4.3
[INFO] [stderr]   Downloaded solana-validator v1.10.21
[INFO] [stderr]   Downloaded solana-sdk v1.10.21
[INFO] [stderr]   Downloaded solana-geyser-plugin-interface v1.10.21
[INFO] [stderr]   Downloaded solana-replica-lib v1.10.21
[INFO] [stderr]   Downloaded sysctl v0.4.4
[INFO] [stderr]   Downloaded solana-gossip v1.10.21
[INFO] [stderr]   Downloaded solana-send-transaction-service v1.10.21
[INFO] [stderr]   Downloaded goauth v0.11.1
[INFO] [stderr]   Downloaded axum-core v0.2.5
[INFO] [stderr]   Downloaded solana-compute-budget-program v1.10.21
[INFO] [stderr]   Downloaded solana-zk-token-sdk v1.10.21
[INFO] [stderr]   Downloaded openssl-src v111.20.0+1.1.1o
[INFO] running `Command { std: "docker" "create" "-v" "/var/lib/crater-agent-workspace/builds/worker-3-tc1/target:/opt/rustwide/target:rw,Z" "-v" "/var/lib/crater-agent-workspace/builds/worker-3-tc1/source:/opt/rustwide/workdir:ro,Z" "-v" "/var/lib/crater-agent-workspace/cargo-home:/opt/rustwide/cargo-home:ro,Z" "-v" "/var/lib/crater-agent-workspace/rustup-home:/opt/rustwide/rustup-home:ro,Z" "-e" "SOURCE_DIR=/opt/rustwide/workdir" "-e" "CARGO_TARGET_DIR=/opt/rustwide/target" "-e" "CARGO_HOME=/opt/rustwide/cargo-home" "-e" "RUSTUP_HOME=/opt/rustwide/rustup-home" "-w" "/opt/rustwide/workdir" "-m" "1610612736" "--user" "0:0" "--network" "none" "ghcr.io/rust-lang/crates-build-env/linux@sha256:19e73879b68f455e41552ea35293514db52ea292d993f571636dbffedb77a1ee" "/opt/rustwide/cargo-home/bin/cargo" "+9610dfe5a9a731ced1ea4923ecbd0c57fe367898" "metadata" "--no-deps" "--format-version=1", kill_on_drop: false }`
[INFO] [stdout] cfb2353513100036ebf9a366e349383dbd8d3bba8db2eba612ca285f8b75313d
[INFO] running `Command { std: "docker" "start" "-a" "cfb2353513100036ebf9a366e349383dbd8d3bba8db2eba612ca285f8b75313d", kill_on_drop: false }`
[INFO] running `Command { std: "docker" "inspect" "cfb2353513100036ebf9a366e349383dbd8d3bba8db2eba612ca285f8b75313d", kill_on_drop: false }`
[INFO] running `Command { std: "docker" "rm" "-f" "cfb2353513100036ebf9a366e349383dbd8d3bba8db2eba612ca285f8b75313d", kill_on_drop: false }`
[INFO] [stdout] cfb2353513100036ebf9a366e349383dbd8d3bba8db2eba612ca285f8b75313d
[INFO] running `Command { std: "docker" "create" "-v" "/var/lib/crater-agent-workspace/builds/worker-3-tc1/target:/opt/rustwide/target:rw,Z" "-v" "/var/lib/crater-agent-workspace/builds/worker-3-tc1/source:/opt/rustwide/workdir:ro,Z" "-v" "/var/lib/crater-agent-workspace/cargo-home:/opt/rustwide/cargo-home:ro,Z" "-v" "/var/lib/crater-agent-workspace/rustup-home:/opt/rustwide/rustup-home:ro,Z" "-e" "SOURCE_DIR=/opt/rustwide/workdir" "-e" "CARGO_TARGET_DIR=/opt/rustwide/target" "-e" "CARGO_INCREMENTAL=0" "-e" "RUST_BACKTRACE=full" "-e" "RUSTFLAGS=--cap-lints=forbid" "-e" "RUSTDOCFLAGS=--cap-lints=forbid" "-e" "CARGO_HOME=/opt/rustwide/cargo-home" "-e" "RUSTUP_HOME=/opt/rustwide/rustup-home" "-w" "/opt/rustwide/workdir" "-m" "1610612736" "--user" "0:0" "--network" "none" "ghcr.io/rust-lang/crates-build-env/linux@sha256:19e73879b68f455e41552ea35293514db52ea292d993f571636dbffedb77a1ee" "/opt/rustwide/cargo-home/bin/cargo" "+9610dfe5a9a731ced1ea4923ecbd0c57fe367898" "check" "--frozen" "--all" "--all-targets" "--message-format=json", kill_on_drop: false }`
[INFO] [stdout] e4077aaeec2c7151587f3b3a265c4a6cf3404b2bb193cbc14b4cd3804c12803d
[INFO] running `Command { std: "docker" "start" "-a" "e4077aaeec2c7151587f3b3a265c4a6cf3404b2bb193cbc14b4cd3804c12803d", kill_on_drop: false }`
[INFO] [stderr]    Compiling proc-macro2 v1.0.39
[INFO] [stderr]    Compiling unicode-ident v1.0.0
[INFO] [stderr]    Compiling syn v1.0.96
[INFO] [stderr]    Compiling libc v0.2.126
[INFO] [stderr]    Compiling serde_derive v1.0.137
[INFO] [stderr]    Compiling serde v1.0.137
[INFO] [stderr]     Checking once_cell v1.12.0
[INFO] [stderr]    Compiling log v0.4.17
[INFO] [stderr]    Compiling memchr v2.5.0
[INFO] [stderr]    Compiling semver v1.0.10
[INFO] [stderr]     Checking itoa v1.0.2
[INFO] [stderr]     Checking subtle v2.4.1
[INFO] [stderr]     Checking either v1.6.1
[INFO] [stderr]    Compiling ahash v0.7.6
[INFO] [stderr]    Compiling futures-core v0.3.21
[INFO] [stderr]     Checking base64 v0.13.0
[INFO] [stderr]    Compiling lock_api v0.4.7
[INFO] [stderr]     Checking smallvec v1.8.0
[INFO] [stderr]    Compiling getrandom v0.1.16
[INFO] [stderr]     Checking futures-sink v0.3.21
[INFO] [stderr]     Checking byteorder v1.4.3
[INFO] [stderr]    Compiling tokio v1.14.1
[INFO] [stderr]    Compiling futures-channel v0.3.21
[INFO] [stderr]     Checking slab v0.4.6
[INFO] [stderr]    Compiling futures-task v0.3.21
[INFO] [stderr]    Compiling unicode-xid v0.2.3
[INFO] [stderr]    Compiling futures-util v0.3.21
[INFO] [stderr]     Checking futures-io v0.3.21
[INFO] [stderr]     Checking ryu v1.0.10
[INFO] [stderr]     Checking futures v0.1.31
[INFO] [stderr]     Checking block-padding v0.2.1
[INFO] [stderr]    Compiling serde_json v1.0.81
[INFO] [stderr]     Checking regex-syntax v0.6.26
[INFO] [stderr]    Compiling wasm-bindgen-shared v0.2.80
[INFO] [stderr]    Compiling bumpalo v3.10.0
[INFO] [stderr]     Checking keccak v0.1.2
[INFO] [stderr]    Compiling wasm-bindgen v0.2.80
[INFO] [stderr]    Compiling rustc_version v0.4.0
[INFO] [stderr]    Compiling quote v1.0.18
[INFO] [stderr]     Checking tracing-core v0.1.27
[INFO] [stderr]     Checking itertools v0.10.3
[INFO] [stderr]    Compiling num-integer v0.1.45
[INFO] [stderr]    Compiling pkg-config v0.3.25
[INFO] [stderr]     Checking signature v1.5.0
[INFO] [stderr]     Checking humantime v2.1.0
[INFO] [stderr]    Compiling jobserver v0.1.24
[INFO] [stderr]     Checking aho-corasick v0.7.18
[INFO] [stderr]     Checking ed25519 v1.5.2
[INFO] [stderr]     Checking derivation-path v0.2.0
[INFO] [stderr]    Compiling solana-frozen-abi-macro v1.10.21
[INFO] [stderr]    Compiling solana-frozen-abi v1.10.21
[INFO] [stderr]    Compiling cc v1.0.73
[INFO] [stderr]    Compiling solana-program v1.10.21
[INFO] [stderr]    Compiling solana-sdk v1.10.21
[INFO] [stderr]     Checking qstring v0.7.2
[INFO] [stderr]     Checking uriparse v0.6.4
[INFO] [stderr]     Checking assert_matches v1.5.0
[INFO] [stderr]     Checking http v0.2.8
[INFO] [stderr]    Compiling indexmap v1.8.2
[INFO] [stderr]    Compiling httparse v1.7.1
[INFO] [stderr]    Compiling anyhow v1.0.57
[INFO] [stderr]     Checking tower-service v0.3.1
[INFO] [stderr]     Checking unicode-normalization v0.1.19
[INFO] [stderr]    Compiling rustls v0.20.6
[INFO] [stderr]    Compiling openssl-src v111.20.0+1.1.1o
[INFO] [stderr]     Checking want v0.3.0
[INFO] [stderr]     Checking num_cpus v1.13.1
[INFO] [stderr]     Checking getrandom v0.2.6
[INFO] [stderr]     Checking rayon-core v1.9.3
[INFO] [stderr]     Checking parking_lot_core v0.8.5
[INFO] [stderr]     Checking signal-hook-registry v1.4.0
[INFO] [stderr]     Checking mio v0.7.14
[INFO] [stderr]     Checking rand_core v0.6.3
[INFO] [stderr]     Checking rand_core v0.5.1
[INFO] [stderr]     Checking memmap2 v0.5.4
[INFO] [stderr]     Checking time v0.1.43
[INFO] [stderr]     Checking rand_xoshiro v0.6.0
[INFO] [stderr]     Checking rand_pcg v0.2.1
[INFO] [stderr]     Checking parking_lot v0.11.2
[INFO] [stderr]     Checking rand_chacha v0.2.2
[INFO] [stderr]     Checking atty v0.2.14
[INFO] [stderr]     Checking hashbrown v0.11.2
[INFO] [stderr]     Checking socket2 v0.4.4
[INFO] [stderr]     Checking rand v0.7.3
[INFO] [stderr]    Compiling openssl v0.10.40
[INFO] [stderr]    Compiling native-tls v0.2.10
[INFO] [stderr]     Checking idna v0.2.3
[INFO] [stderr]    Compiling solana-program-runtime v1.10.21
[INFO] [stderr]     Checking libloading v0.7.3
[INFO] [stderr]     Checking http-body v0.4.5
[INFO] [stderr]     Checking rayon v1.5.3
[INFO] [stderr]    Compiling blake3 v1.3.1
[INFO] [stderr]    Compiling ring v0.16.20
[INFO] [stderr]     Checking regex v1.5.6
[INFO] [stderr]    Compiling openssl-sys v0.9.74
[INFO] [stderr]     Checking rand_chacha v0.3.1
[INFO] [stderr]     Checking rustls-pemfile v0.3.0
[INFO] [stderr]     Checking ipnet v2.5.0
[INFO] [stderr]     Checking gethostname v0.2.3
[INFO] [stderr]     Checking rand v0.8.5
[INFO] [stderr]    Compiling solana-vote-program v1.10.21
[INFO] [stderr]     Checking url v2.2.2
[INFO] [stderr]     Checking remove_dir_all v0.5.3
[INFO] [stderr]     Checking fastrand v1.7.0
[INFO] [stderr]    Compiling bzip2-sys v0.1.11+1.0.8
[INFO] [stderr]     Checking tempfile v3.3.0
[INFO] [stderr]    Compiling zstd-sys v2.0.1+zstd.1.5.2
[INFO] [stderr]     Checking solana-rayon-threadlimit v1.10.21
[INFO] [stderr]    Compiling async-trait v0.1.56
[INFO] [stderr]    Compiling which v4.2.5
[INFO] [stderr]    Compiling bytes v1.1.0
[INFO] [stderr]     Checking static_assertions v1.1.0
[INFO] [stderr]    Compiling proc-macro2 v0.4.30
[INFO] [stderr]     Checking env_logger v0.9.0
[INFO] [stderr]    Compiling zstd-safe v5.0.2+zstd.1.5.2
[INFO] [stderr]    Compiling proc-macro-error-attr v1.0.4
[INFO] [stderr]    Compiling lz4-sys v1.9.3
[INFO] [stderr]     Checking solana-logger v1.10.21
[INFO] [stderr]    Compiling syn v0.15.44
[INFO] [stderr]    Compiling solana-stake-program v1.10.21
[INFO] [stderr]    Compiling solana-address-lookup-table-program v1.10.21
[INFO] [stderr]    Compiling Inflector v0.11.4
[INFO] [stderr]    Compiling fixedbitset v0.4.1
[INFO] [stderr]     Checking miniz_oxide v0.5.3
[INFO] [stderr]     Checking xattr v0.2.3
[INFO] [stderr]     Checking nix v0.23.1
[INFO] [stderr]     Checking filetime v0.2.16
[INFO] [stderr]    Compiling solana-runtime v1.10.21
[INFO] [stderr]    Compiling quote v0.6.13
[INFO] [stderr]    Compiling toml v0.5.9
[INFO] [stderr]     Checking aliasable v0.1.3
[INFO] [stderr]    Compiling multimap v0.8.3
[INFO] [stderr]     Checking stable_deref_trait v1.2.0
[INFO] [stderr]     Checking flate2 v1.0.24
[INFO] [stderr]     Checking tar v0.4.38
[INFO] [stderr]     Checking dir-diff v0.3.2
[INFO] [stderr]     Checking terminal_size v0.1.17
[INFO] [stderr]     Checking errno v0.2.8
[INFO] [stderr]     Checking rustls-pemfile v1.0.0
[INFO] [stderr]    Compiling solana-perf v1.10.21
[INFO] [stderr]     Checking symlink v0.1.0
[INFO] [stderr]     Checking index_list v0.2.7
[INFO] [stderr]    Compiling petgraph v0.6.2
[INFO] [stderr]     Checking dashmap v4.0.2
[INFO] [stderr]     Checking console v0.15.0
[INFO] [stderr]     Checking num_threads v0.1.6
[INFO] [stderr]    Compiling cmake v0.1.48
[INFO] [stderr]     Checking time v0.3.9
[INFO] [stderr]    Compiling parking_lot_core v0.9.3
[INFO] [stderr]     Checking clap v2.34.0
[INFO] [stderr]    Compiling solana-version v1.10.21
[INFO] [stderr]    Compiling clang-sys v1.3.3
[INFO] [stderr]    Compiling standback v0.2.17
[INFO] [stderr]    Compiling proc-macro-crate v0.1.5
[INFO] [stderr]    Compiling prost-build v0.10.4
[INFO] [stderr]     Checking rustls-native-certs v0.6.2
[INFO] [stderr]    Compiling synstructure v0.12.6
[INFO] [stderr]    Compiling wasm-bindgen-backend v0.2.80
[INFO] [stderr]    Compiling borsh-derive-internal v0.9.3
[INFO] [stderr]    Compiling borsh-schema-derive-internal v0.9.3
[INFO] [stderr]    Compiling proc-macro-error v1.0.4
[INFO] [stderr]     Checking parking_lot v0.12.1
[INFO] [stderr]    Compiling prettyplease v0.1.11
[INFO] [stderr]     Checking fxhash v0.2.1
[INFO] [stderr]     Checking rustls-pemfile v0.2.1
[INFO] [stderr]    Compiling minimal-lexical v0.2.1
[INFO] [stderr]     Checking const-oid v0.7.1
[INFO] [stderr]     Checking tower-layer v0.3.1
[INFO] [stderr]     Checking rustc-hash v1.1.0
[INFO] [stderr]     Checking linked-hash-map v0.5.4
[INFO] [stderr]     Checking webpki v0.22.0
[INFO] [stderr]     Checking sct v0.7.0
[INFO] [stderr]     Checking der v0.5.1
[INFO] [stderr]    Compiling nom v7.1.1
[INFO] [stderr]     Checking dirs-sys-next v0.1.2
[INFO] [stderr]     Checking yaml-rust v0.4.5
[INFO] [stderr]    Compiling wasm-bindgen-macro-support v0.2.80
[INFO] [stderr]     Checking webpki-roots v0.22.3
[INFO] [stderr]    Compiling bindgen v0.59.2
[INFO] [stderr]    Compiling const_fn v0.4.9
[INFO] [stderr]     Checking number_prefix v0.4.0
[INFO] [stderr]     Checking base64ct v1.5.0
[INFO] [stderr]     Checking indicatif v0.16.2
[INFO] [stderr]     Checking dirs-next v2.0.0
[INFO] [stderr]     Checking yasna v0.5.0
[INFO] [stderr]     Checking spki v0.5.4
[INFO] [stderr]     Checking lru v0.7.6
[INFO] [stderr]    Compiling libz-sys v1.1.8
[INFO] [stderr]     Checking pem v1.0.2
[INFO] [stderr]    Compiling time v0.2.27
[INFO] [stderr]    Compiling num-traits v0.2.15
[INFO] [stderr]    Compiling dlopen_derive v0.1.4
[INFO] [stderr]    Compiling peeking_take_while v0.1.2
[INFO] [stderr]    Compiling lazycell v1.3.0
[INFO] [stderr]     Checking void v1.0.2
[INFO] [stderr]     Checking utf-8 v0.7.6
[INFO] [stderr]    Compiling shlex v1.1.0
[INFO] [stderr]     Checking unreachable v1.0.0
[INFO] [stderr]     Checking rcgen v0.9.2
[INFO] [stderr]     Checking event-listener v2.5.2
[INFO] [stderr]     Checking http-range-header v0.3.0
[INFO] [stderr]     Checking ascii v0.9.3
[INFO] [stderr]     Checking plain v0.2.3
[INFO] [stderr]     Checking histogram v0.6.9
[INFO] [stderr]     Checking async-mutex v1.4.0
[INFO] [stderr]     Checking bstr v0.2.17
[INFO] [stderr]     Checking hash32 v0.1.1
[INFO] [stderr]    Compiling num-bigint v0.4.3
[INFO] [stderr]    Compiling libm v0.2.2
[INFO] [stderr]     Checking matchit v0.5.0
[INFO] [stderr]     Checking ieee754 v0.2.6
[INFO] [stderr]     Checking sync_wrapper v0.1.1
[INFO] [stderr]     Checking combine v3.8.1
[INFO] [stderr]     Checking simpl v0.1.0
[INFO] [stderr]     Checking fast-math v0.1.1
[INFO] [stderr]    Compiling reed-solomon-erasure v5.0.3
[INFO] [stderr]     Checking arc-swap v1.5.0
[INFO] [stderr]    Compiling solana-ledger v1.10.21
[INFO] [stderr]     Checking dlopen v0.1.8
[INFO] [stderr]     Checking globset v0.4.9
[INFO] [stderr]     Checking spin v0.9.3
[INFO] [stderr]    Compiling prost-build v0.9.0
[INFO] [stderr]     Checking idna v0.1.5
[INFO] [stderr]    Compiling solana-bloom v1.10.21
[INFO] [stderr]    Compiling cexpr v0.6.0
[INFO] [stderr]     Checking thread_local v1.1.4
[INFO] [stderr]     Checking sharded-slab v0.1.4
[INFO] [stderr]     Checking fs_extra v1.2.0
[INFO] [stderr]     Checking trees v0.4.2
[INFO] [stderr]    Compiling unicode-segmentation v1.9.0
[INFO] [stderr]    Compiling convert_case v0.4.0
[INFO] [stderr]    Compiling ucd-trie v0.1.3
[INFO] [stderr]     Checking unix_socket2 v0.5.4
[INFO] [stderr]     Checking users v0.10.0
[INFO] [stderr]     Checking url v1.7.2
[INFO] [stderr]    Compiling thiserror-impl v1.0.31
[INFO] [stderr]    Compiling tokio-macros v1.8.0
[INFO] [stderr]    Compiling futures-macro v0.3.21
[INFO] [stderr]    Compiling zeroize_derive v1.3.2
[INFO] [stderr]    Compiling bytemuck_derive v1.1.0
[INFO] [stderr]    Compiling wasm-bindgen-macro v0.2.80
[INFO] [stderr]    Compiling borsh-derive v0.9.3
[INFO] [stderr]    Compiling num-derive v0.3.3
[INFO] [stderr]    Compiling tracing-attributes v0.1.21
[INFO] [stderr]    Compiling solana-sdk-macro v1.10.21
[INFO] [stderr]     Checking zeroize v1.3.0
[INFO] [stderr]     Checking borsh v0.9.3
[INFO] [stderr]    Compiling openssl-macros v0.1.0
[INFO] [stderr]    Compiling enum-iterator-derive v0.7.0
[INFO] [stderr]     Checking bytemuck v1.9.1
[INFO] [stderr]     Checking merlin v3.0.0
[INFO] [stderr]    Compiling pin-project-internal v1.0.10
[INFO] [stderr]    Compiling modular-bitfield-impl v0.11.2
[INFO] [stderr]    Compiling ouroboros_macro v0.14.2
[INFO] [stderr]    Compiling prost-derive v0.10.1
[INFO] [stderr]    Compiling strum_macros v0.24.0
[INFO] [stderr]     Checking dialoguer v0.10.1
[INFO] [stderr]     Checking enum-iterator v0.7.0
[INFO] [stderr]     Checking thiserror v1.0.31
[INFO] [stderr]     Checking caps v0.5.3
[INFO] [stderr]    Compiling proc-macro-crate v1.1.3
[INFO] [stderr]    Compiling time-macros-impl v0.1.2
[INFO] [stderr]    Compiling async-stream-impl v0.3.3
[INFO] [stderr]    Compiling num_enum_derive v0.5.7
[INFO] [stderr]     Checking tracing v0.1.35
[INFO] [stderr]     Checking quinn-proto v0.8.3
[INFO] [stderr]    Compiling scroll_derive v0.10.5
[INFO] [stderr]     Checking pkcs8 v0.8.0
[INFO] [stderr]     Checking pin-project v1.0.10
[INFO] [stderr]     Checking tracing-futures v0.2.5
[INFO] [stderr]    Compiling prost-derive v0.9.0
[INFO] [stderr]     Checking async-stream v0.3.3
[INFO] [stderr]     Checking time-macros v0.1.1
[INFO] [stderr]     Checking sysctl v0.4.4
[INFO] [stderr]     Checking modular-bitfield v0.11.2
[INFO] [stderr]     Checking tracing-subscriber v0.2.25
[INFO] [stderr]     Checking ouroboros v0.14.2
[INFO] [stderr]    Compiling derive_more v0.99.17
[INFO] [stderr]    Compiling heck v0.3.3
[INFO] [stderr]    Compiling pest v2.1.3
[INFO] [stderr]     Checking num_enum v0.5.7
[INFO] [stderr]    Compiling solana-gossip v1.10.21
[INFO] [stderr]     Checking scroll v0.10.2
[INFO] [stderr]    Compiling maplit v1.0.2
[INFO] [stderr]     Checking net2 v0.2.37
[INFO] [stderr]     Checking strum v0.24.0
[INFO] [stderr]    Compiling tarpc-plugins v0.12.0
[INFO] [stderr]     Checking webpki v0.21.4
[INFO] [stderr]    Compiling prost v0.10.4
[INFO] [stderr]     Checking futures-executor v0.3.21
[INFO] [stderr]     Checking goblin v0.4.3
[INFO] [stderr]     Checking axum-core v0.2.5
[INFO] [stderr]     Checking futures v0.3.21
[INFO] [stderr]     Checking opentelemetry v0.16.0
[INFO] [stderr]     Checking sct v0.6.1
[INFO] [stderr]     Checking core_affinity v0.5.10
[INFO] [stderr]     Checking tokio-util v0.7.2
[INFO] [stderr]     Checking tokio-rustls v0.23.4
[INFO] [stderr]     Checking tokio-stream v0.1.9
[INFO] [stderr]     Checking tokio-util v0.6.10
[INFO] [stderr]    Compiling prost-types v0.10.1
[INFO] [stderr]     Checking tokio-io-timeout v1.2.0
[INFO] [stderr]     Checking h2 v0.3.13
[INFO] [stderr]     Checking tower v0.4.12
[INFO] [stderr]     Checking backoff v0.4.0
[INFO] [stderr]     Checking parity-tokio-ipc v0.9.0
[INFO] [stderr]     Checking tracing-opentelemetry v0.15.0
[INFO] [stderr]     Checking quinn-udp v0.1.2
[INFO] [stderr]    Compiling pest_meta v2.1.3
[INFO] [stderr]    Compiling prost v0.9.0
[INFO] [stderr]     Checking stream-cancel v0.8.1
[INFO] [stderr]     Checking rustls v0.19.1
[INFO] [stderr]     Checking quinn v0.8.3
[INFO] [stderr]    Compiling jsonrpc-derive v18.0.0
[INFO] [stderr]    Compiling enum-ordinalize v3.1.11
[INFO] [stderr]    Compiling prost-types v0.9.0
[INFO] [stderr]    Compiling sys-info v0.9.1
[INFO] [stderr]    Compiling pest_generator v2.1.3
[INFO] [stderr]     Checking tower-http v0.3.4
[INFO] [stderr]    Compiling tonic-build v0.7.2
[INFO] [stderr]    Compiling educe v0.4.19
[INFO] [stderr]     Checking tokio-rustls v0.22.0
[INFO] [stderr]    Compiling io-lifetimes v0.6.1
[INFO] [stderr]    Compiling solana-core v1.10.21
[INFO] [stderr]    Compiling rustix v0.34.8
[INFO] [stderr]    Compiling tikv-jemalloc-sys v0.4.3+5.2.1-patched.2
[INFO] [stderr]     Checking min-max-heap v1.3.0
[INFO] [stderr]     Checking solana_rbpf v0.2.24
[INFO] [stderr]    Compiling tonic-build v0.6.2
[INFO] [stderr]    Compiling pest_derive v2.1.0
[INFO] [stderr]    Compiling solana-storage-proto v1.10.21
[INFO] [stderr]    Compiling solana-replica-lib v1.10.21
[INFO] [stderr]     Checking retain_mut v0.1.9
[INFO] [stderr]     Checking linux-raw-sys v0.0.46
[INFO] [stderr]    Compiling signal-hook v0.3.14
[INFO] [stderr]     Checking generic-array v0.14.5
[INFO] [stderr]     Checking bincode v1.3.3
[INFO] [stderr]     Checking serde_bytes v0.11.6
[INFO] [stderr]     Checking bv v0.11.1
[INFO] [stderr]     Checking im v15.1.0
[INFO] [stderr]     Checking chrono v0.4.19
[INFO] [stderr]     Checking serde_urlencoded v0.7.1
[INFO] [stderr]     Checking serde_yaml v0.8.24
[INFO] [stderr]    Compiling etcd-client v0.8.2
[INFO] [stderr]     Checking json5 v0.4.1
[INFO] [stderr]     Checking crypto-common v0.1.3
[INFO] [stderr]     Checking digest v0.9.0
[INFO] [stderr]     Checking block-buffer v0.10.2
[INFO] [stderr]     Checking block-buffer v0.9.0
[INFO] [stderr]     Checking crypto-mac v0.8.0
[INFO] [stderr]     Checking digest v0.10.3
[INFO] [stderr]     Checking curve25519-dalek v3.2.1
[INFO] [stderr]     Checking sha2 v0.9.9
[INFO] [stderr]     Checking hmac v0.8.1
[INFO] [stderr]     Checking libsecp256k1-core v0.2.2
[INFO] [stderr]     Checking hyper v0.14.19
[INFO] [stderr]     Checking cipher v0.3.0
[INFO] [stderr]     Checking hmac-drbg v0.3.0
[INFO] [stderr]     Checking universal-hash v0.4.1
[INFO] [stderr]     Checking sha2 v0.10.2
[INFO] [stderr]     Checking sha3 v0.10.1
[INFO] [stderr]     Checking hmac v0.12.1
[INFO] [stderr]     Checking pbkdf2 v0.10.1
[INFO] [stderr]     Checking aes v0.7.5
[INFO] [stderr]     Checking polyval v0.5.3
[INFO] [stderr]     Checking ctr v0.8.0
[INFO] [stderr]     Checking aead v0.4.3
[INFO] [stderr]     Checking sha3 v0.9.1
[INFO] [stderr]     Checking inout v0.1.3
[INFO] [stderr]     Checking jsonrpc-core v18.0.0
[INFO] [stderr]     Checking pbkdf2 v0.4.0
[INFO] [stderr]     Checking rpassword v6.0.1
[INFO] [stderr]     Checking cipher v0.4.3
[INFO] [stderr]     Checking sha-1 v0.10.0
[INFO] [stderr]     Checking tiny-bip39 v0.8.2
[INFO] [stderr]     Checking chrono-humanize v0.2.1
[INFO] [stderr]     Checking sha-1 v0.9.8
[INFO] [stderr]     Checking tungstenite v0.17.2
[INFO] [stderr]     Checking aes-gcm-siv v0.10.3
[INFO] [stderr]     Checking tokio-serde v0.8.0
[INFO] [stderr]     Checking soketto v0.7.1
[INFO] [stderr]     Checking ed25519-dalek v1.0.1
[INFO] [stderr]     Checking libsecp256k1 v0.6.0
[INFO] [stderr]     Checking tarpc v0.27.2
[INFO] [stderr]     Checking jsonrpc-server-utils v18.0.0
[INFO] [stderr]     Checking jsonrpc-pubsub v18.0.0
[INFO] [stderr]     Checking ed25519-dalek-bip32 v0.2.0
[INFO] [stderr]    Compiling librocksdb-sys v0.6.1+6.28.2
[INFO] [stderr]     Checking jsonrpc-ipc-server v18.0.0
[INFO] [stderr]     Checking tokio-tungstenite v0.17.1
[INFO] [stderr]     Checking jsonrpc-client-transports v18.0.0
[INFO] [stderr]     Checking jsonrpc-core-client v18.0.0
[INFO] [stderr]     Checking bzip2 v0.4.3
[INFO] [stderr]     Checking fd-lock v3.0.5
[INFO] [stderr] error: could not compile `libsecp256k1` (lib)
[INFO] [stderr] 
[INFO] [stderr] Caused by:
[INFO] [stderr]   process didn't exit successfully: `/opt/rustwide/rustup-home/toolchains/9610dfe5a9a731ced1ea4923ecbd0c57fe367898/bin/rustc --crate-name libsecp256k1 --edition=2018 /opt/rustwide/cargo-home/registry/src/index.crates.io-6f17d22bba15001f/libsecp256k1-0.6.0/src/lib.rs --error-format=json --json=diagnostic-rendered-ansi,artifacts,future-incompat --crate-type lib --emit=dep-info,metadata -C embed-bitcode=no -C debuginfo=2 --cfg 'feature="default"' --cfg 'feature="hmac"' --cfg 'feature="hmac-drbg"' --cfg 'feature="sha2"' --cfg 'feature="static-context"' --cfg 'feature="std"' --cfg 'feature="typenum"' -C metadata=ffa285c5dc39848a -C extra-filename=-ffa285c5dc39848a --out-dir /opt/rustwide/target/debug/deps -L dependency=/opt/rustwide/target/debug/deps --extern arrayref=/opt/rustwide/target/debug/deps/libarrayref-f407a58d6a129f81.rmeta --extern base64=/opt/rustwide/target/debug/deps/libbase64-bfb5b2f46540df69.rmeta --extern digest=/opt/rustwide/target/debug/deps/libdigest-a360cf53c7502178.rmeta --extern hmac_drbg=/opt/rustwide/target/debug/deps/libhmac_drbg-f64130c4a31e4a46.rmeta --extern libsecp256k1_core=/opt/rustwide/target/debug/deps/liblibsecp256k1_core-1001a8e7ab6024e9.rmeta --extern rand=/opt/rustwide/target/debug/deps/librand-59ec21284e43f6ed.rmeta --extern serde=/opt/rustwide/target/debug/deps/libserde-6f3ec8f2416daadc.rmeta --extern sha2=/opt/rustwide/target/debug/deps/libsha2-6015f321792390df.rmeta --extern typenum=/opt/rustwide/target/debug/deps/libtypenum-52a4b828c146c99b.rmeta --cap-lints allow --cap-lints=forbid` (signal: 9, SIGKILL: kill)
[INFO] [stderr] warning: build failed, waiting for other jobs to finish...
[INFO] [stderr] The following warnings were emitted during compilation:
[INFO] [stderr] 
[INFO] [stderr] warning: c++: fatal error: Killed signal terminated program cc1plus
[INFO] [stderr] warning: compilation terminated.
[INFO] [stderr] warning: c++: fatal error: Killed signal terminated program cc1plus
[INFO] [stderr] warning: compilation terminated.
[INFO] [stderr] 
[INFO] [stderr] error: failed to run custom build command for `librocksdb-sys v0.6.1+6.28.2`
[INFO] [stderr] note: To improve backtraces for build dependencies, set the CARGO_PROFILE_DEV_BUILD_OVERRIDE_DEBUG=true environment variable to enable debug information generation.
[INFO] [stderr] 
[INFO] [stderr] Caused by:
[INFO] [stderr]   process didn't exit successfully: `/opt/rustwide/target/debug/build/librocksdb-sys-6752174a44c83324/build-script-build` (exit status: 1)
[INFO] [stderr]   --- stdout
[INFO] [stderr]   cargo:rerun-if-changed=rocksdb/
[INFO] [stderr]   TARGET = Some("x86_64-unknown-linux-gnu")
[INFO] [stderr]   OPT_LEVEL = Some("0")
[INFO] [stderr]   HOST = Some("x86_64-unknown-linux-gnu")
[INFO] [stderr]   CXX_x86_64-unknown-linux-gnu = None
[INFO] [stderr]   CXX_x86_64_unknown_linux_gnu = None
[INFO] [stderr]   HOST_CXX = None
[INFO] [stderr]   CXX = None
[INFO] [stderr]   CXXFLAGS_x86_64-unknown-linux-gnu = None
[INFO] [stderr]   CXXFLAGS_x86_64_unknown_linux_gnu = None
[INFO] [stderr]   HOST_CXXFLAGS = None
[INFO] [stderr]   CXXFLAGS = None
[INFO] [stderr]   CRATE_CC_NO_DEFAULTS = None
[INFO] [stderr]   DEBUG = Some("true")
[INFO] [stderr]   CARGO_CFG_TARGET_FEATURE = Some("fxsr,sse,sse2")
[INFO] [stderr]   CXX_x86_64-unknown-linux-gnu = None
[INFO] [stderr]   CXX_x86_64_unknown_linux_gnu = None
[INFO] [stderr]   HOST_CXX = None
[INFO] [stderr]   CXX = None
[INFO] [stderr]   CXXFLAGS_x86_64-unknown-linux-gnu = None
[INFO] [stderr]   CXXFLAGS_x86_64_unknown_linux_gnu = None
[INFO] [stderr]   HOST_CXXFLAGS = None
[INFO] [stderr]   CXXFLAGS = None
[INFO] [stderr]   CRATE_CC_NO_DEFAULTS = None
[INFO] [stderr]   CARGO_CFG_TARGET_FEATURE = Some("fxsr,sse,sse2")
[INFO] [stderr]   running: "c++" "-O0" "-ffunction-sections" "-fdata-sections" "-fPIC" "-g" "-fno-omit-frame-pointer" "-m64" "-I" "rocksdb/include/" "-I" "rocksdb/" "-I" "rocksdb/third-party/gtest-1.8.1/fused-src/" "-I" "lz4/lib/" "-I" "." "-Wall" "-Wextra" "-std=c++11" "-Wno-unused-parameter" "-msse2" "-DLZ4=1" "-DNDEBUG=1" "-DOS_LINUX" "-DROCKSDB_PLATFORM_POSIX" "-DROCKSDB_LIB_IO_POSIX" "-DROCKSDB_SUPPORT_THREAD_LOCAL" "-o" "/opt/rustwide/target/debug/build/librocksdb-sys-f513350b579ade79/out/rocksdb/cache/cache.o" "-c" "rocksdb/cache/cache.cc"
[INFO] [stderr]   running: "c++" "-O0" "-ffunction-sections" "-fdata-sections" "-fPIC" "-g" "-fno-omit-frame-pointer" "-m64" "-I" "rocksdb/include/" "-I" "rocksdb/" "-I" "rocksdb/third-party/gtest-1.8.1/fused-src/" "-I" "lz4/lib/" "-I" "." "-Wall" "-Wextra" "-std=c++11" "-Wno-unused-parameter" "-msse2" "-DLZ4=1" "-DNDEBUG=1" "-DOS_LINUX" "-DROCKSDB_PLATFORM_POSIX" "-DROCKSDB_LIB_IO_POSIX" "-DROCKSDB_SUPPORT_THREAD_LOCAL" "-o" "/opt/rustwide/target/debug/build/librocksdb-sys-f513350b579ade79/out/rocksdb/cache/cache_entry_roles.o" "-c" "rocksdb/cache/cache_entry_roles.cc"
[INFO] [stderr]   running: "c++" "-O0" "-ffunction-sections" "-fdata-sections" "-fPIC" "-g" "-fno-omit-frame-pointer" "-m64" "-I" "rocksdb/include/" "-I" "rocksdb/" "-I" "rocksdb/third-party/gtest-1.8.1/fused-src/" "-I" "lz4/lib/" "-I" "." "-Wall" "-Wextra" "-std=c++11" "-Wno-unused-parameter" "-msse2" "-DLZ4=1" "-DNDEBUG=1" "-DOS_LINUX" "-DROCKSDB_PLATFORM_POSIX" "-DROCKSDB_LIB_IO_POSIX" "-DROCKSDB_SUPPORT_THREAD_LOCAL" "-o" "/opt/rustwide/target/debug/build/librocksdb-sys-f513350b579ade79/out/rocksdb/cache/cache_key.o" "-c" "rocksdb/cache/cache_key.cc"
[INFO] [stderr]   running: "c++" "-O0" "-ffunction-sections" "-fdata-sections" "-fPIC" "-g" "-fno-omit-frame-pointer" "-m64" "-I" "rocksdb/include/" "-I" "rocksdb/" "-I" "rocksdb/third-party/gtest-1.8.1/fused-src/" "-I" "lz4/lib/" "-I" "." "-Wall" "-Wextra" "-std=c++11" "-Wno-unused-parameter" "-msse2" "-DLZ4=1" "-DNDEBUG=1" "-DOS_LINUX" "-DROCKSDB_PLATFORM_POSIX" "-DROCKSDB_LIB_IO_POSIX" "-DROCKSDB_SUPPORT_THREAD_LOCAL" "-o" "/opt/rustwide/target/debug/build/librocksdb-sys-f513350b579ade79/out/rocksdb/cache/cache_reservation_manager.o" "-c" "rocksdb/cache/cache_reservation_manager.cc"
[INFO] [stderr]   running: "c++" "-O0" "-ffunction-sections" "-fdata-sections" "-fPIC" "-g" "-fno-omit-frame-pointer" "-m64" "-I" "rocksdb/include/" "-I" "rocksdb/" "-I" "rocksdb/third-party/gtest-1.8.1/fused-src/" "-I" "lz4/lib/" "-I" "." "-Wall" "-Wextra" "-std=c++11" "-Wno-unused-parameter" "-msse2" "-DLZ4=1" "-DNDEBUG=1" "-DOS_LINUX" "-DROCKSDB_PLATFORM_POSIX" "-DROCKSDB_LIB_IO_POSIX" "-DROCKSDB_SUPPORT_THREAD_LOCAL" "-o" "/opt/rustwide/target/debug/build/librocksdb-sys-f513350b579ade79/out/rocksdb/cache/clock_cache.o" "-c" "rocksdb/cache/clock_cache.cc"
[INFO] [stderr]   exit status: 0
[INFO] [stderr]   exit status: 0
[INFO] [stderr]   running: "c++" "-O0" "-ffunction-sections" "-fdata-sections" "-fPIC" "-g" "-fno-omit-frame-pointer" "-m64" "-I" "rocksdb/include/" "-I" "rocksdb/" "-I" "rocksdb/third-party/gtest-1.8.1/fused-src/" "-I" "lz4/lib/" "-I" "." "-Wall" "-Wextra" "-std=c++11" "-Wno-unused-parameter" "-msse2" "-DLZ4=1" "-DNDEBUG=1" "-DOS_LINUX" "-DROCKSDB_PLATFORM_POSIX" "-DROCKSDB_LIB_IO_POSIX" "-DROCKSDB_SUPPORT_THREAD_LOCAL" "-o" "/opt/rustwide/target/debug/build/librocksdb-sys-f513350b579ade79/out/rocksdb/cache/lru_cache.o" "-c" "rocksdb/cache/lru_cache.cc"
[INFO] [stderr]   exit status: 0
[INFO] [stderr]   running: "c++" "-O0" "-ffunction-sections" "-fdata-sections" "-fPIC" "-g" "-fno-omit-frame-pointer" "-m64" "-I" "rocksdb/include/" "-I" "rocksdb/" "-I" "rocksdb/third-party/gtest-1.8.1/fused-src/" "-I" "lz4/lib/" "-I" "." "-Wall" "-Wextra" "-std=c++11" "-Wno-unused-parameter" "-msse2" "-DLZ4=1" "-DNDEBUG=1" "-DOS_LINUX" "-DROCKSDB_PLATFORM_POSIX" "-DROCKSDB_LIB_IO_POSIX" "-DROCKSDB_SUPPORT_THREAD_LOCAL" "-o" "/opt/rustwide/target/debug/build/librocksdb-sys-f513350b579ade79/out/rocksdb/cache/sharded_cache.o" "-c" "rocksdb/cache/sharded_cache.cc"
[INFO] [stderr]   running: "c++" "-O0" "-ffunction-sections" "-fdata-sections" "-fPIC" "-g" "-fno-omit-frame-pointer" "-m64" "-I" "rocksdb/include/" "-I" "rocksdb/" "-I" "rocksdb/third-party/gtest-1.8.1/fused-src/" "-I" "lz4/lib/" "-I" "." "-Wall" "-Wextra" "-std=c++11" "-Wno-unused-parameter" "-msse2" "-DLZ4=1" "-DNDEBUG=1" "-DOS_LINUX" "-DROCKSDB_PLATFORM_POSIX" "-DROCKSDB_LIB_IO_POSIX" "-DROCKSDB_SUPPORT_THREAD_LOCAL" "-o" "/opt/rustwide/target/debug/build/librocksdb-sys-f513350b579ade79/out/rocksdb/db/arena_wrapped_db_iter.o" "-c" "rocksdb/db/arena_wrapped_db_iter.cc"
[INFO] [stderr]   exit status: 0
[INFO] [stderr]   running: "c++" "-O0" "-ffunction-sections" "-fdata-sections" "-fPIC" "-g" "-fno-omit-frame-pointer" "-m64" "-I" "rocksdb/include/" "-I" "rocksdb/" "-I" "rocksdb/third-party/gtest-1.8.1/fused-src/" "-I" "lz4/lib/" "-I" "." "-Wall" "-Wextra" "-std=c++11" "-Wno-unused-parameter" "-msse2" "-DLZ4=1" "-DNDEBUG=1" "-DOS_LINUX" "-DROCKSDB_PLATFORM_POSIX" "-DROCKSDB_LIB_IO_POSIX" "-DROCKSDB_SUPPORT_THREAD_LOCAL" "-o" "/opt/rustwide/target/debug/build/librocksdb-sys-f513350b579ade79/out/rocksdb/db/blob/blob_fetcher.o" "-c" "rocksdb/db/blob/blob_fetcher.cc"
[INFO] [stderr]   exit status: 0
[INFO] [stderr]   exit status: 0
[INFO] [stderr]   running: "c++" "-O0" "-ffunction-sections" "-fdata-sections" "-fPIC" "-g" "-fno-omit-frame-pointer" "-m64" "-I" "rocksdb/include/" "-I" "rocksdb/" "-I" "rocksdb/third-party/gtest-1.8.1/fused-src/" "-I" "lz4/lib/" "-I" "." "-Wall" "-Wextra" "-std=c++11" "-Wno-unused-parameter" "-msse2" "-DLZ4=1" "-DNDEBUG=1" "-DOS_LINUX" "-DROCKSDB_PLATFORM_POSIX" "-DROCKSDB_LIB_IO_POSIX" "-DROCKSDB_SUPPORT_THREAD_LOCAL" "-o" "/opt/rustwide/target/debug/build/librocksdb-sys-f513350b579ade79/out/rocksdb/db/blob/blob_file_addition.o" "-c" "rocksdb/db/blob/blob_file_addition.cc"
[INFO] [stderr]   running: "c++" "-O0" "-ffunction-sections" "-fdata-sections" "-fPIC" "-g" "-fno-omit-frame-pointer" "-m64" "-I" "rocksdb/include/" "-I" "rocksdb/" "-I" "rocksdb/third-party/gtest-1.8.1/fused-src/" "-I" "lz4/lib/" "-I" "." "-Wall" "-Wextra" "-std=c++11" "-Wno-unused-parameter" "-msse2" "-DLZ4=1" "-DNDEBUG=1" "-DOS_LINUX" "-DROCKSDB_PLATFORM_POSIX" "-DROCKSDB_LIB_IO_POSIX" "-DROCKSDB_SUPPORT_THREAD_LOCAL" "-o" "/opt/rustwide/target/debug/build/librocksdb-sys-f513350b579ade79/out/rocksdb/db/blob/blob_file_builder.o" "-c" "rocksdb/db/blob/blob_file_builder.cc"
[INFO] [stderr]   exit status: 0
[INFO] [stderr]   running: "c++" "-O0" "-ffunction-sections" "-fdata-sections" "-fPIC" "-g" "-fno-omit-frame-pointer" "-m64" "-I" "rocksdb/include/" "-I" "rocksdb/" "-I" "rocksdb/third-party/gtest-1.8.1/fused-src/" "-I" "lz4/lib/" "-I" "." "-Wall" "-Wextra" "-std=c++11" "-Wno-unused-parameter" "-msse2" "-DLZ4=1" "-DNDEBUG=1" "-DOS_LINUX" "-DROCKSDB_PLATFORM_POSIX" "-DROCKSDB_LIB_IO_POSIX" "-DROCKSDB_SUPPORT_THREAD_LOCAL" "-o" "/opt/rustwide/target/debug/build/librocksdb-sys-f513350b579ade79/out/rocksdb/db/blob/blob_file_cache.o" "-c" "rocksdb/db/blob/blob_file_cache.cc"
[INFO] [stderr]   running: "c++" "-O0" "-ffunction-sections" "-fdata-sections" "-fPIC" "-g" "-fno-omit-frame-pointer" "-m64" "-I" "rocksdb/include/" "-I" "rocksdb/" "-I" "rocksdb/third-party/gtest-1.8.1/fused-src/" "-I" "lz4/lib/" "-I" "." "-Wall" "-Wextra" "-std=c++11" "-Wno-unused-parameter" "-msse2" "-DLZ4=1" "-DNDEBUG=1" "-DOS_LINUX" "-DROCKSDB_PLATFORM_POSIX" "-DROCKSDB_LIB_IO_POSIX" "-DROCKSDB_SUPPORT_THREAD_LOCAL" "-o" "/opt/rustwide/target/debug/build/librocksdb-sys-f513350b579ade79/out/rocksdb/db/blob/blob_file_garbage.o" "-c" "rocksdb/db/blob/blob_file_garbage.cc"
[INFO] [stderr]   running: "c++" "-O0" "-ffunction-sections" "-fdata-sections" "-fPIC" "-g" "-fno-omit-frame-pointer" "-m64" "-I" "rocksdb/include/" "-I" "rocksdb/" "-I" "rocksdb/third-party/gtest-1.8.1/fused-src/" "-I" "lz4/lib/" "-I" "." "-Wall" "-Wextra" "-std=c++11" "-Wno-unused-parameter" "-msse2" "-DLZ4=1" "-DNDEBUG=1" "-DOS_LINUX" "-DROCKSDB_PLATFORM_POSIX" "-DROCKSDB_LIB_IO_POSIX" "-DROCKSDB_SUPPORT_THREAD_LOCAL" "-o" "/opt/rustwide/target/debug/build/librocksdb-sys-f513350b579ade79/out/rocksdb/db/blob/blob_file_meta.o" "-c" "rocksdb/db/blob/blob_file_meta.cc"
[INFO] [stderr]   exit status: 0
[INFO] [stderr]   running: "c++" "-O0" "-ffunction-sections" "-fdata-sections" "-fPIC" "-g" "-fno-omit-frame-pointer" "-m64" "-I" "rocksdb/include/" "-I" "rocksdb/" "-I" "rocksdb/third-party/gtest-1.8.1/fused-src/" "-I" "lz4/lib/" "-I" "." "-Wall" "-Wextra" "-std=c++11" "-Wno-unused-parameter" "-msse2" "-DLZ4=1" "-DNDEBUG=1" "-DOS_LINUX" "-DROCKSDB_PLATFORM_POSIX" "-DROCKSDB_LIB_IO_POSIX" "-DROCKSDB_SUPPORT_THREAD_LOCAL" "-o" "/opt/rustwide/target/debug/build/librocksdb-sys-f513350b579ade79/out/rocksdb/db/blob/blob_file_reader.o" "-c" "rocksdb/db/blob/blob_file_reader.cc"
[INFO] [stderr]   running: "c++" "-O0" "-ffunction-sections" "-fdata-sections" "-fPIC" "-g" "-fno-omit-frame-pointer" "-m64" "-I" "rocksdb/include/" "-I" "rocksdb/" "-I" "rocksdb/third-party/gtest-1.8.1/fused-src/" "-I" "lz4/lib/" "-I" "." "-Wall" "-Wextra" "-std=c++11" "-Wno-unused-parameter" "-msse2" "-DLZ4=1" "-DNDEBUG=1" "-DOS_LINUX" "-DROCKSDB_PLATFORM_POSIX" "-DROCKSDB_LIB_IO_POSIX" "-DROCKSDB_SUPPORT_THREAD_LOCAL" "-o" "/opt/rustwide/target/debug/build/librocksdb-sys-f513350b579ade79/out/rocksdb/db/blob/blob_garbage_meter.o" "-c" "rocksdb/db/blob/blob_garbage_meter.cc"
[INFO] [stderr]   running: "c++" "-O0" "-ffunction-sections" "-fdata-sections" "-fPIC" "-g" "-fno-omit-frame-pointer" "-m64" "-I" "rocksdb/include/" "-I" "rocksdb/" "-I" "rocksdb/third-party/gtest-1.8.1/fused-src/" "-I" "lz4/lib/" "-I" "." "-Wall" "-Wextra" "-std=c++11" "-Wno-unused-parameter" "-msse2" "-DLZ4=1" "-DNDEBUG=1" "-DOS_LINUX" "-DROCKSDB_PLATFORM_POSIX" "-DROCKSDB_LIB_IO_POSIX" "-DROCKSDB_SUPPORT_THREAD_LOCAL" "-o" "/opt/rustwide/target/debug/build/librocksdb-sys-f513350b579ade79/out/rocksdb/db/blob/blob_log_format.o" "-c" "rocksdb/db/blob/blob_log_format.cc"
[INFO] [stderr]   cargo:warning=c++: fatal error: Killed signal terminated program cc1plus
[INFO] [stderr]   cargo:warning=compilation terminated.
[INFO] [stderr]   exit status: 1
[INFO] [stderr]   running: "c++" "-O0" "-ffunction-sections" "-fdata-sections" "-fPIC" "-g" "-fno-omit-frame-pointer" "-m64" "-I" "rocksdb/include/" "-I" "rocksdb/" "-I" "rocksdb/third-party/gtest-1.8.1/fused-src/" "-I" "lz4/lib/" "-I" "." "-Wall" "-Wextra" "-std=c++11" "-Wno-unused-parameter" "-msse2" "-DLZ4=1" "-DNDEBUG=1" "-DOS_LINUX" "-DROCKSDB_PLATFORM_POSIX" "-DROCKSDB_LIB_IO_POSIX" "-DROCKSDB_SUPPORT_THREAD_LOCAL" "-o" "/opt/rustwide/target/debug/build/librocksdb-sys-f513350b579ade79/out/rocksdb/db/blob/blob_log_sequential_reader.o" "-c" "rocksdb/db/blob/blob_log_sequential_reader.cc"
[INFO] [stderr]   exit status: 0
[INFO] [stderr]   cargo:warning=c++: fatal error: Killed signal terminated program cc1plus
[INFO] [stderr]   cargo:warning=compilation terminated.
[INFO] [stderr]   exit status: 1
[INFO] [stderr]   exit status: 0
[INFO] [stderr]   exit status: 0
[INFO] [stderr]   exit status: 0
[INFO] [stderr]   exit status: 0
[INFO] [stderr]   exit status: 0
[INFO] [stderr]   exit status: 0
[INFO] [stderr]   exit status: 0
[INFO] [stderr] 
[INFO] [stderr]   --- stderr
[INFO] [stderr]   error: 'rustfmt' is not installed for the toolchain '9610dfe5a9a731ced1ea4923ecbd0c57fe367898'
[INFO] [stderr]   note: this is a custom toolchain, which cannot use `rustup component add`
[INFO] [stderr]   help: if you built this toolchain from source, and used `rustup toolchain link`, then you may be able to build the component with `x.py`
[INFO] [stderr]   Failed to run rustfmt: Internal rustfmt error (non-fatal, continuing)
[INFO] [stderr] 
[INFO] [stderr] 
[INFO] [stderr]   error occurred: Command "c++" "-O0" "-ffunction-sections" "-fdata-sections" "-fPIC" "-g" "-fno-omit-frame-pointer" "-m64" "-I" "rocksdb/include/" "-I" "rocksdb/" "-I" "rocksdb/third-party/gtest-1.8.1/fused-src/" "-I" "lz4/lib/" "-I" "." "-Wall" "-Wextra" "-std=c++11" "-Wno-unused-parameter" "-msse2" "-DLZ4=1" "-DNDEBUG=1" "-DOS_LINUX" "-DROCKSDB_PLATFORM_POSIX" "-DROCKSDB_LIB_IO_POSIX" "-DROCKSDB_SUPPORT_THREAD_LOCAL" "-o" "/opt/rustwide/target/debug/build/librocksdb-sys-f513350b579ade79/out/rocksdb/db/arena_wrapped_db_iter.o" "-c" "rocksdb/db/arena_wrapped_db_iter.cc" with args "c++" did not execute successfully (status code exit status: 1).
[INFO] [stderr] 
[INFO] [stderr] 
[INFO] running `Command { std: "docker" "inspect" "e4077aaeec2c7151587f3b3a265c4a6cf3404b2bb193cbc14b4cd3804c12803d", kill_on_drop: false }`
[INFO] running `Command { std: "docker" "rm" "-f" "e4077aaeec2c7151587f3b3a265c4a6cf3404b2bb193cbc14b4cd3804c12803d", kill_on_drop: false }`
[INFO] [stdout] e4077aaeec2c7151587f3b3a265c4a6cf3404b2bb193cbc14b4cd3804c12803d
